tor of 3068?
True
Is 12 a factor of 1374?
False
Is 820 a multiple of 41?
True
Does 43 divide 2033?
False
Is 40 a factor of 40?
True
Is 385 a multiple of 19?
False
Does 32 divide 12000?
True
Is 5020 a multiple of 10?
True
Is 6716 a multiple of 155?
False
Is 35560 a multiple of 10?
True
Is 27 a factor of 3139?
False
Is 85 a factor of 2233?
False
Does 13 divide 169?
True
Does 28 divide 1019?
False
Is 30 a factor of 8890?
False
Does 49 divide 441?
True
Is 7 a factor of 15735?
False
Is 1023 a multiple of 17?
False
Is 14 a factor of 28840?
True
Is 63 a factor of 6289?
False
Is 1648 a multiple of 35?
False
Does 130 divide 61380?
False
Is 19032 a multiple of 26?
True
Is 9477 a multiple of 39?
True
Is 119 a multiple of 13?
False
Does 47 divide 11812?
False
Is 1198 a multiple of 75?
False
Is 39 a multiple of 10?
False
Is 12582 a multiple of 19?
False
Is 28 a multiple of 28?
True
Is 6399 a multiple of 30?
False
Does 76 divide 684?
True
Does 20 divide 751?
False
Does 20 divide 4440?
True
Does 10 divide 580?
True
Is 3272 a multiple of 16?
False
Is 11 a factor of 67?
False
Is 1091 a multiple of 25?
False
Is 39296 a multiple of 66?
False
Is 8207 a multiple of 29?
True
Is 12 a factor of 279?
False
Is 26807 a multiple of 48?
False
Is 17 a factor of 7191?
True
Does 5 divide 280?
True
Does 17 divide 4403?
True
Does 44 divide 2684?
True
Does 15 divide 1112?
False
Is 13 a factor of 38?
False
Is 63 a factor of 2394?
True
Is 4056 a multiple of 8?
True
Is 5 a factor of 32135?
True
Is 1325 a multiple of 58?
False
Is 25627 a multiple of 5?
False
Is 52 a factor of 780?
True
Is 28 a factor of 3143?
False
Does 77 divide 14688?
False
Is 6726 a multiple of 177?
True
Is 25456 a multiple of 54?
False
Does 306 divide 54162?
True
Is 39 a factor of 136032?
True
Does 46 divide 1518?
True
Is 30 a factor of 41820?
True
Does 12 divide 360?
True
Is 32 a factor of 76?
False
Is 156 a factor of 36216?
False
Is 2457 a multiple of 7?
True
Is 900 a multiple of 45?
True
Is 38 a factor of 988?
True
Does 20 divide 2483?
False
Is 1491 a multiple of 12?
False
Does 2 divide 9629?
False
Is 16 a factor of 863?
False
Is 42820 a multiple of 21?
False
Is 83 a multiple of 15?
False
Is 36 a factor of 3648?
False
Does 106 divide 11526?
False
Is 59 a factor of 4046?
False
Is 16 a factor of 560?
True
Is 14 a factor of 1442?
True
Is 490 a multiple of 5?
True
Does 50 divide 8095?
False
Is 11 a factor of 17127?
True
Is 7561 a multiple of 9?
False
Is 4492 even?
True
Does 38 divide 25810?
False
Is 115700 a multiple of 26?
True
Is 33933 a multiple of 6?
False
Does 35 divide 14840?
True
Is 29191 a multiple of 30?
False
Is 54 a factor of 7182?
True
Does 6 divide 5840?
False
Does 24 divide 72205?
False
Is 27895 a multiple of 125?
False
Is 8833 a multiple of 11?
True
Is 1612 a multiple of 14?
False
Is 545 a multiple of 53?
False
Is 1266 a multiple of 24?
False
Is 1054 a multiple of 17?
True
Is 28634 a multiple of 278?
True
Is 1860 a multiple of 20?
True
Is 650 a multiple of 5?
True
Is 3610 a multiple of 38?
True
Is 11839 a multiple of 31?
False
Is 10267 a multiple of 15?
False
Is 71 a factor of 284?
True
Is 8 a factor of 441?
False
Does 20 divide 5200?
True
Is 103 a factor of 14008?
True
Does 2 divide 1296?
True
Is 5320 a multiple of 12?
False
Does 149 divide 30247?
True
Is 4608 a multiple of 72?
True
Does 245 divide 36015?
True
Is 11 a factor of 891?
True
Does 12 divide 468?
True
Does 25 divide 16474?
False
Is 856 a multiple of 14?
False
Is 4567 a multiple of 19?
False
Is 32 a factor of 31846?
False
Is 77 a factor of 847?
True
Is 9 a factor of 4140?
True
Is 15176 a multiple of 14?
True
Does 10 divide 9852?
False
Is 32 a factor of 14259?
False
Does 35 divide 974?
False
Is 1460 a multiple of 4?
True
Is 38649 a multiple of 13?
True
Does 9 divide 83088?
True
Does 18 divide 144?
True
Is 1583 a multiple of 5?
False
Is 4303 a multiple of 32?
False
Is 364 a multiple of 14?
True
Is 60 a factor of 1200?
True
Does 23 divide 51955?
False
Is 60 a factor of 24840?
True
Does 20 divide 6720?
True
Does 13 divide 8591?
False
Does 19 divide 1178?
True
Is 5567 a multiple of 91?
False
Is 245 a factor of 9330?
False
Is 91 a factor of 12848?
False
Does 41 divide 510?
False
Does 10 divide 2300?
True
Is 26274 a multiple of 19?
False
Is 553 a multiple of 61?
False
Does 34 divide 6457?
False
Does 136 divide 1179?
False
Does 24 divide 5304?
True
Is 48918 a multiple of 41?
False
Is 13 a factor of 9177?
False
Does 10 divide 5010?
True
Is 24 a factor of 6240?
True
Does 3 divide 8706?
True
Is 8 a factor of 10?
False
Does 15 divide 1367?
False
Is 29 a factor of 16791?
True
Is 3 a factor of 3?
True
Is 6 a factor of 235?
False
Is 1118 a multiple of 43?
True
Does 69 divide 5350?
False
Does 65 divide 3705?
True
Does 17 divide 14388?
False
Is 4704 a multiple of 32?
True
Is 3357 a multiple of 9?
True
Is 26 a factor of 2132?
True
Is 13 a factor of 6188?
True
Does 48 divide 1584?
True
Is 4970 a multiple of 18?
False
Is 23 a factor of 25967?
True
Is 2457 a multiple of 93?
False
Does 15 divide 858?
False
Is 96 a factor of 8160?
True
Is 14 a factor of 23923?
False
Is 518 a multiple of 8?
False
Does 14 divide 37265?
False
Is 12 a factor of 18583?
False
Does 26 divide 1196?
True
Does 262 divide 37488?
False
Is 101 a factor of 1818?
True
Does 311 divide 75313?
False
Is 5040 a multiple of 6?
True
Is 32 a factor of 1024?
True
Is 8 a factor of 24173?
False
Is 833 a multiple of 12?
False
Is 20 a factor of 893?
False
Is 10654 a multiple of 21?
False
Is 1540 a multiple of 11?
True
Does 38 divide 874?
True
Is 3824 a multiple of 16?
True
Is 20 a factor of 13201?
False
Is 18 a factor of 1494?
True
Does 27 divide 3082?
False
Is 35344 a multiple of 188?
True
Is 127 a multiple of 21?
False
Does 26 divide 17056?
True
Does 35 divide 10558?
False
Does 15 divide 2490?
True
Is 6 a factor of 1326?
True
Does 60 divide 6512?
False
Is 779 a multiple of 41?
True
Is 7308 a multiple of 203?
True
Does 43 divide 3913?
True
Is 11 a factor of 3586?
True
Is 12 a factor of 4452?
True
Is 6663 a multiple of 9?
False
Is 40460 a multiple of 17?
True
Does 4 divide 1504?
True
Is 2319 a multiple of 13?
False
Does 4 divide 578?
False
Is 23 a factor of 6964?
False
Does 20 divide 4098?
False
Is 46266 a multiple of 66?
True
Does 12 divide 276?
True
Does 52 divide 2184?
True
Is 100 a factor of 8800?
True
Does 56 divide 994?
False
Does 10 divide 7251?
False
Is 5432 a multiple of 28?
True
Does 26 divide 6214?
True
Is 69 a factor of 7148?
False
Does 24 divide 984?
True
Is 6250 a multiple of 22?
False
Is 2 a factor of 51?
False
Does 20 divide 20754?
False
Is 63 a factor of 74163?
False
Does 6 divide 36452?
False
Is 7 even?
False
Is 126 a factor of 19404?
True
Is 37 a factor of 892?
False
Is 126 a factor of 7812?
True
Is 66 a factor of 110284?
False
Does 7 divide 968?
False
Is 20 a factor of 280?
True
Is 6 a factor of 636?
True
Is 5740 a multiple of 35?
True
Is 2380 a multiple of 5?
True
Is 16 a factor of 4275?
False
Is 9 a factor of 2997?
True
Is 25 a factor of 690?
False
Is 9 a factor of 873?
True
Does 15 divide 211?
False
Does 113 divide 1805?
False
Does 4 divide 97?
False
Does 19 divide 36399?
False
Is 9036 a multiple of 51?
False
Does 3 divide 291?
True
Is 2775 a multiple of 24?
False
Is 18317 a multiple of 13?
True
Does 22 divide 5170?
True
Is 8687 a multiple of 119?
True
Is 11014 a multiple of 16?
False
Does 227 divide 19295?
True
Is 29227 a multiple of 12?
False
Is 22710 a multiple of 10?
True
Does 4 divide 182?
False
Is 37 a factor of 1381?
False
Is 16235 a multiple of 85?
True
Is 208 a factor of 27248?
True
Is 74 a multiple of 16?
False
Is 20 even?
True
Is 9375 a multiple of 265?
False
Does 11 divide 86227?
False
Is 39 a factor of 2535?
True
Does 15 divide 41280?
True
Is 13 a factor of 5837?
True
Is 282 a factor of 9331?
False
Does 24 divide 11567?
False
Is 12 a factor of 7596?
True
Does 13 divide 38632?
False
Is 819 a multiple of 21?
True
Does 65 divide 1249?
False
Is 2035 a multiple of 11?
True
Is 81 a factor of 6541?
False
Is 4 a factor of 181?
False
Is 1520 a multiple of 80?
True
Is 22 a factor of 1496?
True
Is 939 a multiple of 9?
False
Is 622 a multiple of 10?
False
Is 5707 a multiple of 71?
False
Is 10 a factor of 670?
True
Does 44 divide 1260?
False
Does 12 divide 60?
True
Is 13 a fa